 of n(u)?
4
Let n = -3 + 5. Let f(s) = 2*s + s - n - 4. What is the units digit of f(4)?
6
Let c(n) = n**3 + 6*n**2 - 8*n + 2. Suppose 5*v = v - 28. What is the units digit of c(v)?
9
Let d(a) = a**3 - 4*a**2 - 6*a - 1. Let p be d(6). What is the units digit of 1145/p - (-4)/14?
3
Let l = 0 + 74. What is the units digit of l?
4
Suppose 318 = 414*b - 413*b. What is the hundreds digit of b?
3
Suppose 0 = 4*o + 3*p + 21, 5*o + 6 = p + 2*p. Let b be 2/o*(-18)/4. Suppose 8*r + 2*l = b*r + 10, -5*r + 10 = 4*l. What is the units digit of r?
2
Suppose 5*c + 235 = 970. Let w = -102 + c. What is the units digit of w?
5
Suppose -5*d - 4*t = -354, -220 - 84 = -4*d + 2*t. Suppose d = 5*k + 279. Let a = 58 + k. What is the tens digit of a?
1
Suppose 0 = 4*h - 22 - 74. What is the units digit of (8/h)/((-1)/(-129))?
3
Let r(c) = 3*c**3 + 3*c**2 + 3*c + 3. Let o be r(-2). Let q(p) = 4*p - 10. Let b be q(9). Let y = b + o. What is the units digit of y?
1
Let l(m) = m**2. Let h be l(0). Suppose 5*q - 6*f - 70 = -f, -q - 2*f - 1 = h. What is the units digit of q?
9
Suppose 3*l - 19 = 32. What is the units digit of l?
7
Let j(c) = -3*c - 2. Suppose 0 = 4*l - 0 - 4. Let p = -4 + l. What is the units digit of j(p)?
7
Suppose -6*x + 39 = -4*x + k, 73 = 4*x - 3*k. What is the units digit of x?
9
Suppose 4*p = 5*n - 35 + 1, 2*n - p - 13 = 0. Suppose t - i = n*t - 41, 0 = 3*t - 2*i - 35. What is the units digit of t?
9
Suppose -3*d + 43 = 10. Suppose 0 = 3*o - l - 68, l = -3*o + d + 47. What is the tens digit of o?
2
What is the hundreds digit of (-2)/((-2440)/7176 + 2/6)?
2
Let u(n) = -n**2 - 12*n - 9. Suppose 3*h + 18 = -0*h. What is the units digit of u(h)?
7
Let k be (-48)/9*(-9)/6. Let p = k - -1. What is the units digit of p?
9
Let x = 53 + -23. What is the tens digit of x?
3
Suppose 0 = -4*j - 2*o + 48, 41 = 3*j - 2*o + 12. What is the tens digit of j?
1
Let d(r) be the second derivative of 3*r**3/2 - r**2 + r. What is the units digit of d(2)?
6
Suppose 19*m - 20*m = -58. What is the units digit of m?
8
Suppose 0*x - 9 = -x + 2*l, 15 = 3*x - 3*l. Let z = x - -1. Suppose -3 = -z*o + 21. What is the units digit of o?
2
Suppose 3*j = 31 + 8. What is the tens digit of j?
1
Suppose 5*x - 135 = l, 3*l + l = 4*x - 124. What is the units digit of (1/(-1))/((-2)/x)?
3
Let o(d) be the third derivative of 17*d**4/24 - d**3/6 + 4*d**2. What is the tens digit of o(1)?
1
Suppose -3*k = -15*k + 1728. What is the hundreds digit of k?
1
Let b(y) = -y**2 - 3*y + 4. Let f be b(-4). Suppose -3*v + v + 10 = f. What is the units digit of v?
5
Let b(u) = -9*u**3 + 2*u**2 - 1. Suppose 3*w - 2*n + 7 = -0*n, 0 = -4*w + 5*n - 21. Let k be b(w). What is the units digit of k/(-3)*(-9)/(-6)?
4
Let n be 1/((-3)/2)*-204. Suppose n = 3*d + d. Suppose 0 = -4*i + d - 6. What is the units digit of i?
7
Let l = -85 - -25. Suppose a + 4*m = 8*m - 35, -a = 5*m + 53. Let i = a - l. What is the units digit of i?
7
Let u(p) = -p**3 + 4*p**2 - 3*p + 3. Let w(r) = 2*r - 2. Suppose 0 = -y + 1 + 1. Let i be w(y). What is the units digit of u(i)?
5
Suppose 0 = -3*j + 6 + 57. What is the tens digit of 4 - (-4 + 1 - j)?
2
Let c = -40 - -291. What is the tens digit of c?
5
Let s(b) be the second derivative of b**4/12 + 7*b**3/6 - 6*b**2 - 3*b. What is the units digit of s(-9)?
6
Suppose -8*x = -6*x - 56. What is the units digit of x?
8
Let t be (-2)/(-4) - (-21)/2. What is the tens digit of t + (-3)/(-6)*0?
1
Let r(v) = 5*v**2 + 3*v - 1. Let b be r(3). Let q = 81 - b. Suppose -q = -4*j - 0*j. What is the units digit of j?
7
Let b(t) = -t**3 + 5*t**2 + t + 2. Suppose -2*q - 5*h = -4*q - 10, -4*q = 3*h - 32. What is the units digit of b(q)?
7
Suppose -98 = -7*z + 189. What is the tens digit of z?
4
Suppose 144 = 19*x - 15*x. What is the units digit of x?
6
Let u be 24/20*10/4. Let b = 6 - u. Suppose -c + b*c = -10, 0 = -2*i - c + 23. What is the units digit of i?
4
Suppose 0*f = -f + 16. What is the tens digit of f?
1
Let x = -4 - -13. What is the tens digit of 4*(x/12 + 3)?
1
Suppose -33 = -4*o + m + 4*m, 27 = 3*o - 3*m. What is the units digit of o?
2
Suppose -3*v = -4*v + 20. What is the tens digit of v?
2
Suppose -3 = -2*l + 1. Suppose -3*u + 32 = 5*i - 2, -5*i + 42 = 4*u. Suppose -l*n + u = 2*n. What is the units digit of n?
2
Suppose -4*z = -5*i - 2*z + 86, i - z - 16 = 0. What is the units digit of i?
8
Let i = 5 - 3. What is the units digit of 9/6*i*1?
3
Let k(x) = 20*x + 15. Let h(v) = 13*v + 10. Let j(a) = 8*h(a) - 5*k(a). What is the units digit of j(5)?
5
Suppose -4*b = -b - 606. What is the units digit of b/18 + 4/(-18)?
1
Suppose 3*s + 0*h - 84 = -4*h, 0 = 5*s + h - 157. What is the tens digit of s?
3
Let c be (-1 - -3 - -1) + -2. Suppose 2*k - 5*k = 9. What is the units digit of (6 + k/(-3))*c?
7
Suppose 10 = d - 6. Suppose 0 = -3*c - d + 43. What is the units digit of c?
9
Let y be (-1 - 1)*1/(-2). Suppose -y - 7 = -l. What is the units digit of l?
8
Suppose 4*i - m - 14 = 0, -8 = -i - 4*m + 2*m. Suppose 4*u - 38 = 2*h, 0 = -u + 3*h + i + 3. What is the tens digit of u?
1
Let f = 158 + 2. Suppose 2*q - f = -3*q. What is the units digit of q?
2
What is the tens digit of (-236)/(-5) - (-2)/(-10)?
4
Let t(f) = -f. Let o = 29 - 20. Let u be t(o). Let w = 20 + u. What is the units digit of w?
1
Let b be -4*((-3)/(-2))/(-3). Suppose 0 = -b*a + 7 + 11. What is the units digit of a?
9
Suppose w + 120 = 2*w. What is the tens digit of w?
2
Let y be (-16)/(-6) - 5/(-15). What is the tens digit of y/((-5)/((-140)/6))?
1
Let b be 17*(1 + 1)/2. Let g = b + -4. Suppose 40 = 3*p + g. What is the units digit of p?
9
What is the tens digit of (3/2)/((-12)/(-368))?
4
Suppose -2*m - 362 = -5*g, -4*g + 291 = 3*m - 6*m. What is the tens digit of g?
7
Let r be 4*(-5 + 2)/(-6). Suppose r*s + 0*s + f + 5 = 0, f + 5 = s. Suppose q = -s*q + 2. What is the units digit of q?
2
Suppose i + 5*t + 23 = 0, i + 4*t + 19 = -0*i. Let h(g) = g**3 + 4*g**2 + g + 1. What is the units digit of h(i)?
7
Suppose 8*k = 5*k. Let u be (1 + k)*(-2)/(-2). Let p = 1 + u. What is the units digit of p?
2
Let g = 7 + -2. Let b = g - 7. What is the units digit of ((-4)/6)/(b/27)?
9
Let w be 3 - (-3)/(3/2). Let f(u) = u**2 - 3*u + 1. Let j be f(4). Suppose 3*h + 1 = w*r, -5*h + 8 + j = -r. What is the units digit of h?
3
Let d = -7 - -12. Suppose 0 = d*i - 0 - 40. What is the units digit of i?
8
Let a = 6 - 3. Suppose -j - 10 = -5*r, -3 - a = -3*r + 5*j. What is the units digit of r?
2
Let i(u) = -2*u. Let a be i(1). Let k = 13 - a. What is the units digit of k?
5
Let i(n) = n**2 - 6*n - 4. What is the tens digit of i(-6)?
6
Suppose 5*p - o = 1 + 4, -2*p + 2 = -5*o. What is the units digit of p/(-2 + 3) - -6?
7
Let j(n) = 12*n - 3. Let z be j(2). Suppose 2*r - z = r. Let p = r + -12. What is the units digit of p?
9
Suppose -15 = -7*z + 2*z. Suppose -5*x - 4*c = 6, 0 = x + c + 2*c + 10. Suppose -n = -z*n + x. What is the units digit of n?
1
Suppose 0*x + x - 35 = 3*y, 4*y + 40 = x. What is the tens digit of x?
2
Let t = -21 + 29. Suppose 5*p = 3*q + 7, 3*p + t = -5*q + 19. What is the units digit of p?
2
Let t = -1 + 4. Let f be (-1)/t + 8/(-12). What is the units digit of ((-12)/(-3) - f)/1?
5
Let s = 20 - -8. Let a = s - 12. What is the units digit of a?
6
Let p(j) = j**3 + 13*j**2 - 15*j - 8. What is the units digit of p(-14)?
6
Suppose r = -4*b + 11, 3*b + 0 - 37 = 5*r. Suppose -b = -s - 2. Suppose 0 = -3*q - s*m + 3*m + 23, 0 = 4*q - 5*m - 27. What is the units digit of q?
8
What is the tens digit of -10 + 6 + 1 + 63?
6
Suppose 3*d = -6, u + 20 = -4*u - 5*d. Let v = 11 - u. What is the units digit of v?
3
What is the units digit of (-23 - -21) + (2 - -1*183)?
3
Let o(i) = -3*i - 6. Let r be o(-7). Let v be (-3)/(3 + (-48)/r). Suppose v = 4*z + z. What is the units digit of z?
3
Let b(x) be the first derivative of x**2/2 - 3*x - 1. Let p be 0 + 4/1 + 0. What is the units digit of b(p)?
1
What is the units digit of 84 - (-8 - -3 - -4)?
5
Let h be 13/(-3)*(0 + -3). Let m = h + -5. What is the units digit of m?
8
Suppose -3*s + 5*l + 538 = 0, 6*s - 493 = 3*s - 4*l. What is the units digit of s?
1
Let k(f) = -f**3 - 9*f**2 + f + 12. Let m be k(-9). Suppose 45 = m*b + 6. What is the units digit of b?
3
What is the units digit of (-3144)/(-36) + 2/